ghest common divisor of 305281249 and 13.
13
Calculate the highest common divisor of 6324 and 675366.
186
Calculate the greatest common divisor of 3477882 and 3288.
822
Calculate the greatest common factor of 582988745 and 5.
5
What is the greatest common divisor of 2813984 and 8?
8
Calculate the highest common divisor of 2759 and 179924.
31
Calculate the highest common divisor of 4708 and 1953178.
214
Calculate the greatest common divisor of 190846569 and 17904.
1119
Calculate the highest common factor of 15606600 and 540.
60
Calculate the greatest common factor of 325686 and 155839.
1751
What is the greatest common divisor of 2964616 and 28140?
268
Calculate the greatest common divisor of 990022 and 1210.
242
What is the greatest common divisor of 28 and 754753?
1
Calculate the highest common divisor of 705203 and 5819.
23
Calculate the greatest common divisor of 321636 and 69356.
28
What is the highest common factor of 2250 and 1932090?
30
What is the greatest common factor of 48 and 37336144?
16
What is the greatest common factor of 3014327 and 12333731?
13163
What is the greatest common divisor of 1196 and 95676412?
1196
Calculate the greatest common divisor of 68606060 and 10.
10
What is the greatest common divisor of 556618121 and 1027?
79
What is the greatest common divisor of 46672285 and 70?
5
Calculate the greatest common factor of 93621094 and 1064.
266
What is the highest common factor of 584911268 and 1844?
1844
Calculate the highest common divisor of 6426 and 108557631.
3213
Calculate the greatest common divisor of 2987 and 415296.
103
Calculate the highest common factor of 8449332 and 108.
12
Calculate the highest common divisor of 29 and 8145607.
29
Calculate the greatest common factor of 8757 and 136017.
63
Calculate the greatest common factor of 144460 and 2316940.
620
What is the greatest common factor of 98851994 and 186?
62
Calculate the greatest common factor of 913 and 15461489.
83
Calculate the highest common divisor of 5382 and 7366762.
598
What is the highest common factor of 49 and 5750549?
7
What is the greatest common factor of 3596976 and 2736?
144
Calculate the highest common divisor of 2112 and 41661444.
132
What is the greatest common factor of 314484 and 1626988?
1436
Calculate the highest common factor of 10869501 and 138.
69
What is the highest common divisor of 94115596 and 8?
4
Calculate the greatest common factor of 97983 and 313443.
513
What is the highest common factor of 1250 and 167794?
2
Calculate the highest common factor of 171550281 and 85.
17
What is the greatest common divisor of 6767091 and 36?
9
Calculate the highest common factor of 768 and 43848.
24
What is the greatest common factor of 764478 and 1277289?
1053
Calculate the highest common divisor of 4476 and 90452127.
1119
Calculate the highest common factor of 18333601 and 1166.
583
Calculate the highest common factor of 50 and 9388790.
10
What is the highest common divisor of 654 and 478731270?
654
Calculate the highest common divisor of 10905100 and 1129690.
6530
What is the greatest common divisor of 464 and 59504?
16
What is the greatest common divisor of 645736 and 27944048?
7096
What is the highest common divisor of 144108 and 28206?
18
Calculate the greatest common divisor of 726 and 15510396.
66
Calculate the greatest common factor of 96411 and 133.
7
What is the greatest common divisor of 209900 and 607650?
50
What is the highest common divisor of 182 and 7765954?
14
Calculate the greatest common divisor of 307207 and 2874352.
1063
What is the greatest common divisor of 603352393 and 3346?
1673
Calculate the greatest common factor of 4511 and 336297.
13
What is the highest common divisor of 534795 and 69541?
353
What is the greatest common divisor of 14880 and 23850780?
1860
What is the greatest common factor of 85 and 28353110?
85
What is the highest common divisor of 877064 and 136?
136
Calculate the greatest common divisor of 180 and 33795180.
180
Calculate the greatest common divisor of 207379179 and 63.
63
What is the greatest common divisor of 213 and 17504979?
213
Calculate the greatest common divisor of 339837660 and 6960.
1740
Calculate the highest common divisor of 4737612 and 3762.
1254
What is the highest common divisor of 56451 and 62521?
607
What is the highest common divisor of 722990296 and 14?
14
What is the highest common factor of 10260163 and 15283?
527
Calculate the greatest common factor of 322006 and 1057921.
691
What is the highest common divisor of 4346939 and 772?
193
What is the greatest common divisor of 585615352 and 42?
14
Calculate the highest common factor of 430128 and 151344.
144
What is the highest common divisor of 1185556 and 1271?
41
What is the highest common factor of 93 and 56670139?
31
What is the highest common factor of 40 and 5064000?
40
What is the highest common factor of 2609082 and 19068?
42
What is the highest common divisor of 417966 and 144?
6
Calculate the greatest common divisor of 236740 and 498750.
1330
What is the greatest common divisor of 1408 and 1537280?
128
What is the greatest common factor of 190 and 438686345?
95
Calculate the greatest common divisor of 882 and 83982276.
882
Calculate the highest common factor of 16 and 99513200.
16
Calculate the highest common divisor of 4541975784 and 36.
36
Calculate the highest common factor of 6121348 and 36.
4
Calculate the greatest common factor of 682892 and 2208466.
1682
What is the highest common divisor of 26916 and 1138?
2
Calculate the highest common factor of 7120 and 6385216.
1424
What is the highest common factor of 634 and 22302535?
317
Calculate the greatest common divisor of 5873894 and 2626.
26
Calculate the greatest common divisor of 23068 and 30987916.
292
Calculate the greatest common divisor of 6898615 and 13870.
95
What is the greatest common factor of 67605 and 21555?
15
What is the highest common divisor of 17165088 and 864?
864
What is the greatest common factor of 8116044 and 24?
12
What is the greatest common factor of 17910214 and 7973?
119
Calculate the greatest common factor of 26486592 and 4288.
64
What is the greatest common factor of 130792158 and 12?
6
What is the greatest common factor of 3303563 and 115725?
1543
Calculate the greatest common divisor of 779143032 and 456.
456
Calculate the greatest common factor of 2420989325 and 25.
25
What is the greatest common factor of 7840 and 2746080?
160
Calculate the greatest common factor of 99412644 and 2136.
1068
Calculate the greatest common divisor of 22148104 and 440.
88
What is the highest common divisor of 61 and 7168389258?
61
What is the highest common divisor of 12753 and 851508?
981
Calculate the greatest common divisor of 432321416 and 141.
47
What is the greatest common factor of 6586 and 2490932?
178
What is the highest common factor of 18 and 2250387?
9
Calculate the highest common divisor of 360 and 1078739460.
180
What is the highest common factor of 443564 and 29988?
68
What is the highest common factor of 5258 and 3450204?
478
What is the greatest common divisor of 30 and 2422209?
3
What is the greatest common factor of 3580 and 797380?
20
Calculate the greatest common factor of 406 and 17642730.
406
What is the highest common factor of 505274682 and 129?
129
Calculate the greatest common divisor of 1459281 and 17664.
69
What is the greatest common divisor of 28141 and 9523?
107
What is the greatest common factor of 30 and 241430415?
15
Calculate the highest common factor of 796129822 and 34.
34
Calculate the greatest common factor of 16 and 5433907.
1
What is the greatest common factor of 23898047 and 173?
173
What is the greatest common factor of 21363073 and 21765?
1451
Calculate the highest common factor of 3280 and 21528280.
1640
What is the highest common factor of 133329570 and 300?
30
What is the highest common factor of 4246 and 5564190?
386
What is the greatest common factor of 8 and 47649656?
8
What is the highest common divisor of 1473250 and 23074?
166
What is the highest common factor of 124203 and 163476?
57
What is the greatest common factor of 113251 and 24089?
109
What is the greatest common divisor of 152988800 and 125?
25
What is the greatest common factor of 2112 and 1198557888?
2112
Calculate the highest co